{"id":62,"date":"2020-03-08T14:34:11","date_gmt":"2020-03-08T14:34:11","guid":{"rendered":"http:\/\/www.dirkbaumanns.com\/?page_id=62"},"modified":"2022-12-22T15:40:07","modified_gmt":"2022-12-22T13:40:07","slug":"more-works","status":"publish","type":"page","link":"http:\/\/www.dirkbaumanns.com\/?page_id=62","title":{"rendered":"MORE WORKS"},"content":{"rendered":"\n<div class=\"wp-block-buttons is-layout-flex wp-block-buttons-is-layout-flex\">\n<div class=\"wp-block-button advgb-dyn-0ce6f9d1\"><a class=\"wp-block-button__link has-white-color has-black-background-color has-text-color has-background wp-element-button\" href=\"http:\/\/www.dirkbaumanns.com\/?page_id=1483\">WALLPAINTINGS<\/a><\/div>\n\n\n\n<div class=\"wp-block-button advgb-dyn-2cdb42dc\"><a class=\"wp-block-button__link has-white-color has-black-background-color has-text-color has-background wp-element-button\" href=\"http:\/\/www.dirkbaumanns.com\/?page_id=73\">INSTALLATIONS<\/a><\/div>\n\n\n\n<div class=\"wp-block-button advgb-dyn-29c3b8d4\"><a class=\"wp-block-button__link has-white-color has-black-background-color has-text-color has-background wp-element-button\" href=\"http:\/\/www.dirkbaumanns.com\/?page_id=67\">SCULPTURES<\/a><\/div>\n\n\n\n<div class=\"wp-block-button advgb-dyn-9b8d814e\"><a class=\"wp-block-button__link has-white-color has-black-background-color has-text-color has-background wp-element-button\" href=\"http:\/\/www.dirkbaumanns.com\/?page_id=1864\">DRAWINGS<\/a><\/div>\n\n\n\n<div class=\"wp-block-button advgb-dyn-426f2395\"><a class=\"wp-block-button__link has-white-color has-black-background-color has-text-color has-background wp-element-button\" href=\"http:\/\/www.dirkbaumanns.com\/?page_id=75\">CURATIONS<\/a><\/div>\n\n\n\n<div class=\"wp-block-button advgb-dyn-34a3c3c1\"><a class=\"wp-block-button__link has-white-color has-black-background-color has-text-color has-background wp-element-button\" href=\"http:\/\/www.dirkbaumanns.com\/?page_id=1530\">EXHIBITIONVIEWS<\/a><\/div>\n<\/div>\n\n\n\n<p><\/p>\n","protected":false},"excerpt":{"rendered":"","protected":false},"author":1,"featured_media":0,"parent":0,"menu_order":0,"comment_status":"closed","ping_status":"closed","template":"","meta":{"_uag_custom_page_level_css":"","advgb_blocks_editor_width":"","advgb_blocks_columns_visual_guide":"","footnotes":""},"class_list":["post-62","page","type-page","status-publish","hentry"],"uagb_featured_image_src":{"full":false,"thumbnail":false,"medium":false,"medium_large":false,"large":false,"1536x1536":false,"2048x2048":false,"ect-jetpack-portfolio-featured":false,"ect-featured-content":false,"ect-service":false,"post-thumbnail":false,"minimumminimal_single-post-cover":false,"full-width-image":false,"jetpack-portfolio-admin-thumb":false,"featured-content-admin-thumb":false,"service-admin-thumb":false},"uagb_author_info":{"display_name":"Dirk Baumanns","author_link":"http:\/\/www.dirkbaumanns.com\/?author=1"},"uagb_comment_info":0,"uagb_excerpt":null,"coauthors":[],"author_meta":{"author_link":"http:\/\/www.dirkbaumanns.com\/?author=1","display_name":"Dirk Baumanns"},"relative_dates":{"created":"Ver\u00f6ffentlicht 6\u00a0Jahren vor","modified":"Aktualisiert 3\u00a0Jahren vor"},"absolute_dates":{"created":"Ver\u00f6ffentlicht am M\u00e4rz 8, 2020","modified":"Aktualisiert am Dezember 22, 2022"},"absolute_dates_time":{"created":"Ver\u00f6ffentlicht am M\u00e4rz 8, 2020 2:34 p.m.","modified":"Aktualisiert am Dezember 22, 2022 3:40 p.m."},"featured_img_caption":"","featured_img":false,"series_order":"","jetpack_sharing_enabled":true,"_links":{"self":[{"href":"http:\/\/www.dirkbaumanns.com\/index.php?rest_route=\/wp\/v2\/pages\/62","targetHints":{"allow":["GET"]}}],"collection":[{"href":"http:\/\/www.dirkbaumanns.com\/index.php?rest_route=\/wp\/v2\/pages"}],"about":[{"href":"http:\/\/www.dirkbaumanns.com\/index.php?rest_route=\/wp\/v2\/types\/page"}],"author":[{"embeddable":true,"href":"http:\/\/www.dirkbaumanns.com\/index.php?rest_route=\/wp\/v2\/users\/1"}],"replies":[{"embeddable":true,"href":"http:\/\/www.dirkbaumanns.com\/index.php?rest_route=%2Fwp%2Fv2%2Fcomments&post=62"}],"version-history":[{"count":7,"href":"http:\/\/www.dirkbaumanns.com\/index.php?rest_route=\/wp\/v2\/pages\/62\/revisions"}],"predecessor-version":[{"id":3101,"href":"http:\/\/www.dirkbaumanns.com\/index.php?rest_route=\/wp\/v2\/pages\/62\/revisions\/3101"}],"wp:attachment":[{"href":"http:\/\/www.dirkbaumanns.com\/index.php?rest_route=%2Fwp%2Fv2%2Fmedia&parent=62"}],"curies":[{"name":"wp","href":"https:\/\/api.w.org\/{rel}","templated":true}]}}